alculate the greatest common divisor of w and 99.
9
Suppose -11*o + 192 = o. What is the greatest common factor of 16 and o?
16
Let u be 9/15*(2 - -3). Suppose -5*v - 3*b = -59, -v = -2*b - u*b + 5. What is the greatest common factor of v and 70?
10
Let f(l) = -l**3 - 2*l - 3. Let c = 1 - 3. Let u = c - 0. Let x be f(u). What is the greatest common divisor of x and 45?
9
Suppose y + 3*y - 4 = 0. Suppose -y + 3 = -2*i. Let n be 16 - (i - (2 + -1)). What is the highest common factor of n and 45?
9
Suppose 0 = 3*u - 75 - 168. What is the highest common divisor of u and 9?
9
Suppose 5*v - 4*v = 0. Suppose 2*j = -4*w + 26, j + v*j + 1 = 0. Suppose -28*s = -29*s + 21. Calculate the greatest common factor of s and w.
7
Let c = 12 + -8. Let j be 1/c + (-39)/(-4). What is the greatest common divisor of j and 25?
5
Let c(w) = 5*w**2 - 6*w - 12. Let y be c(-5). What is the greatest common divisor of 13 and y?
13
Let u(v) = v**3 + 3*v**2 - 3*v - 1. Let d = -12 - -9. Let l be u(d). What is the greatest common divisor of 12 and l?
4
Let k(x) = x**3 + 8*x**2 - 14*x - 6. Let b be k(-9). Calculate the greatest common factor of 13 and b.
13
Let x = 74 - -70. Calculate the highest common divisor of 18 and x.
18
Suppose -4*r - f + 993 = 2*f, 0 = -3*r + 4*f + 776. What is the highest common divisor of 28 and r?
28
Let t(r) = -26*r + 37. Let p be t(-10). Calculate the greatest common factor of 11 and p.
11
Suppose -3*v - 3 - 3 = 0. Let h(n) = -5*n - 2. Let z be h(v). What is the highest common factor of 24 and z?
8
Suppose 4*j = -t - 2*t + 22, -5*j + 16 = -2*t. What is the greatest common divisor of j and 12?
4
Suppose -4*a + 848 = -2*b, -2*b + 267 = -5*a + 1325. Calculate the greatest common factor of a and 30.
30
Let n be 4 - (0 + 1 + -2). Suppose -2*w = -n*w + 9. Let g(v) = v**3 + 7*v**2 + 3*v + 3. Let l be g(-6). Calculate the highest common divisor of w and l.
3
Let o(j) = 12*j - 1. Let q be o(1). Suppose 2*a = -3*h + 3*a + 18, 0 = h - 2*a - q. What is the highest common factor of h and 1?
1
Let x(u) = 104*u + 1. Let t(p) = 3*p**3 - p. Let y be t(1). Let o be x(y). What is the greatest common factor of 19 and o?
19
Suppose 4*h = -k - 19, 7 = 3*k - h - 1. Let n(f) = 8*f + 3. Let c be n(k). What is the greatest common factor of c and 44?
11
Let k = -237 + 440. What is the highest common factor of k and 29?
29
Suppose -208*i + 205*i + 105 = 0. Calculate the highest common divisor of i and 14.
7
Let f be 75/7 + 22/77. What is the greatest common divisor of f and 44?
11
Suppose -56 = -6*z + 2*z. Suppose 0 = 4*p - n - 8, 11 = 5*p + 4*n + 1. What is the greatest common factor of p and z?
2
Suppose 6*z - 5*z = -5*j + 117, 21 = j + z. Calculate the highest common factor of j and 48.
24
Let d = 168 - 154. What is the greatest common divisor of d and 70?
14
Let f = -62 - -106. What is the highest common factor of 11 and f?
11
Let k(m) = 5*m - 5. Let g(q) = -4*q + 4. Let t(j) = 3*g(j) + 2*k(j). Let z be t(-3). What is the highest common factor of 32 and z?
8
Let f(q) = q**2 + 3*q + 18*q - 8*q + 16. Let d be f(-12). What is the highest common factor of 6 and d?
2
Let n(z) = -3*z + 1. Let v be n(-1). Suppose -2*g = -5*k + 41, 3*g + 36 = v*k + 6. Let u be 1*(-6)/(0 + -1). What is the highest common factor of k and u?
3
Let m = 83 - 71. Calculate the greatest common divisor of m and 4.
4
Let p be 2/6 - 13/3. Let g = p + 4. Suppose -3*a = -3*n + 27, 5*a + g = 3*n - 21. Calculate the greatest common factor of 48 and n.
12
Suppose -4*v + 24 + 8 = 0. Suppose -2*r - 2*r = -v. Let x be (-68)/(-4)*r/2. Calculate the greatest common factor of x and 17.
17
Let d be -2*(3 - 13/2). Let h = 23 - 9. What is the greatest common factor of h and d?
7
Suppose -m - m + 22 = 2*f, 23 = 3*m - 2*f. Suppose 2*h - m - 3 = 0. Suppose -t - 2*t = -h. What is the highest common divisor of t and 10?
2
Let s(o) = -4*o - 16. Let d be s(-8). What is the highest common factor of 32 and d?
16
Suppose r + 3*r - 8 = 0. Suppose 5*d + 10 = -0. Let l = 6 + d. Calculate the highest common factor of l and r.
2
Suppose 3*o + 2*o - 15 = 0. What is the highest common divisor of 6 and o?
3
Let z = -1 - -16. Suppose 0 = -u + 4*u + z. Let g be ((-12)/u)/((-2)/(-15)). What is the highest common factor of g and 12?
6
Let z(a) = -a**3 - a - 1. Let k be z(-2). Let d be 44 + 2 + 1*-1. What is the highest common factor of k and d?
9
Suppose -39 = -20*v + 41. Suppose 0 = -l + 2*x - x + 6, -4 = 2*l + 2*x. Suppose 0 = l*z - 3*z + 4. Calculate the greatest common factor of z and v.
4
Let s be 216/14 - (-52)/91. Let c be 1/(-3) + 241/3. Calculate the greatest common divisor of s and c.
16
Let h be (-30)/(-26) + (-37)/(-13) + -3. Calculate the greatest common factor of 9 and h.
1
Let s(x) be the second derivative of x**3/2 + 4*x. Let a be s(5). What is the highest common factor of a and 3?
3
Let d be 4 - 5/(25/(-1340)). Calculate the greatest common divisor of d and 34.
34
Let i(c) = 3*c**2 + c + 57. Let a be i(0). Calculate the greatest common divisor of 171 and a.
57
Let h(d) = -d**3 + 5*d**2 + 7*d - 1. Suppose -7 - 5 = -2*n. Let c be h(n). Let o be (-1)/(-1) + 5*c. Calculate the greatest common divisor of 286 and o.
26
Let o be 4*(-4 + 3)/(-1). Let i(f) be the first derivative of f**3/3 - 3*f**2/2 + 4*f + 1. Let z be i(o). What is the greatest common factor of z and 4?
4
Suppose 4*r - 5 = 3*w, -5*w + 30 = -r + 2*r. What is the highest common factor of r and 5?
5
Suppose c + 620 = 5*c - 4*y, -305 = -2*c - 3*y. Calculate the highest common factor of c and 14.
14
Let s(r) = -r**2 - 7*r + 1. Suppose -4*i = -y - 53, -4*y - 20 = -0*y. Suppose -4*t - i = -2*t. Let v be s(t). Calculate the greatest common divisor of v and 77.
7
Suppose 5*n = -d - 17, -2*d + 0*d = 3*n + 6. Let u = n + 13. What is the highest common divisor of u and 9?
9
Let v = 22 + -1. Let c be ((-78)/(-4))/(18/24). Suppose 2*r - c = 4*b, -4*b = -3*r - r + 68. Calculate the highest common factor of r and v.
21
Let n(f) = -2*f - 7. Let c be n(-10). Suppose 4*g - 2*y = 198, -3*g + 2*g = 3*y - 67. What is the greatest common factor of c and g?
13
Suppose 3*q + f = 179, 0 = -5*q + 4*f + 2 + 302. Calculate the highest common factor of 90 and q.
30
Let b = 5 + -10. Let p(m) = -14*m + 7. Let d be p(b). Calculate the highest common divisor of 7 and d.
7
Let s(i) = i**3 - 7*i**2 - 6*i + 12. Let m be s(8). Let u(y) = y**3 - 13*y**2 - 11*y - 28. Let k be u(14). What is the highest common divisor of k and m?
14
Suppose 5*c - 7 = -2. Let r be 2 + c/(-1) - -62. Let g be ((-5)/3)/((-3)/r). What is the highest common divisor of 5 and g?
5
Let f = 61 - -43. Calculate the highest common divisor of 26 and f.
26
Suppose 8*t - 36 = 36. What is the highest common factor of 9 and t?
9
Let h = 1 - -32. Calculate the greatest common factor of h and 44.
11
Let q be (12/14)/((-2)/(-70)). Let v(m) be the third derivative of 5*m**4/24 + 4*m**2. Let h be v(2). What is the highest common factor of h and q?
10
Suppose 3*s - d + 32 = 5*s, -s - 2 = -4*d. Let y = 9 - 7. Suppose 282 = 5*r + 4*c + y, -4*c - 168 = -3*r. Calculate the greatest common factor of r and s.
14
Let a be (2/3)/((-2)/(-48)). What is the highest common factor of 8 and a?
8
Let p(i) = 3*i - 16. Let g be -11*(2 - (-3 - -6)). Let v be p(g). What is the greatest common factor of 34 and v?
17
Suppose 38*q - 33*q - 110 = 0. Let w(p) = 13*p**2 - 3*p - 3. Suppose 0*c - 3*c = 6. Let z be w(c). Calculate the highest common factor of q and z.
11
Let i(t) = -6*t + 7. Let a be i(-5). Suppose 0 = -5*y + 68 + a. What is the highest common factor of 7 and y?
7
Let b = -8 - -11. Let s = 5 - b. Let k(h) = 6*h - 3. Let o be k(s). Calculate the greatest common factor of 6 and o.
3
Suppose x - 158 = 3. Suppose 24 = 3*k - 45. What is the greatest common divisor of k and x?
23
Let g(c) = c**3 + 12*c**2 + 11*c + 2. Let p = -11 + 13. Let k be (44/(-16))/(p/8). Let y be g(k). Calculate the greatest common divisor of y and 5.
1
Let g = 5 + -1. Suppose -g*p = -10 - 2. Calculate the highest common divisor of 3 and p.
3
Let h = -33 + 98. Let d be 4/(-8)*(-2 + 2). Suppose -4*b + v + 100 = -v, d = -5*b + 4*v + 122. What is the highest common factor of b and h?
13
Let t(j) be the second derivative of j**4/6 - 7*j**3/6 - 4*j**2 - j. Let u be t(8). Let a = -7 + 15.